{"id":1170,"date":"2025-10-14T13:22:24","date_gmt":"2025-10-14T11:22:24","guid":{"rendered":"https:\/\/hwghv.de\/fuldatal\/?post_type=tribe_events&#038;p=1170"},"modified":"2025-10-14T13:22:24","modified_gmt":"2025-10-14T11:22:24","slug":"mitgliederversammlung-2","status":"publish","type":"tribe_events","link":"https:\/\/hwghv.de\/fuldatal\/event\/mitgliederversammlung-2\/","title":{"rendered":"Mitgliederversammlung"},"content":{"rendered":"<p>Einladung zur Mitgliederversammlung<br \/>\nGem\u00e4\u00df \u00a7 8 der Satzung des Hessisch-Waldeckischen Gebirgs- und Heimatvereins, Zweigverein Fuldatal e.V. laden wir hiermit zu unserer diesj\u00e4hrigen Mitgliederver-sammlung herzlich ein. Sie findet statt am<\/p>\n<p>\t\tFreitag, dem 24.10.2025 um 17:00 Uhr<br \/>\n\t\tim \u201eHaus Sch\u00f6newald\u201c, Fuldatal \u2013 Simmershausen<\/p>\n<p>Tagesordnung:<\/p>\n<p>1.\tBegr\u00fc\u00dfung; Feststellung der Beschlussf\u00e4higkeit<br \/>\n2.\tBericht der Vorsitzendenden<br \/>\n3.\tR\u00fcckblick auf das Vereinsgeschehen seit der Jahreshauptversammlung<br \/>\n4.\tMehrtagesfahrt 2026<br \/>\n5.\tWandertage und Wandertreffen 2026<br \/>\n6.\tH\u00fcttenabend am 15.11.2025<br \/>\nPause<br \/>\n7. \tVorstellung des Wanderplanes 2026<br \/>\n     8.\tAntr\u00e4ge<br \/>\n     9.\tVerschiedenes<\/p>\n<p>Ich bitte um Anmeldung bis zum 21.10.2025 unter Tel. 0561\/81 97 93 oder per E-Mail christa.hajo.gross@t-online.de. Oder bei Erika Noffke, Tel. 015206185377, E-Mail e.noffke@gmx.net.<br \/>\nIn der Pause werden belegte Br\u00f6tchen (Gehacktes, Salami, roh. Schinken, K\u00e4se) von der Fam. Sch\u00f6newald angeboten. Ich bitte um Vorbestellung.<br \/>\nAntr\u00e4ge zur Erg\u00e4nzung oder \u00c4nderung der Tagesordnung m\u00fcssen gem. \u00a7 8 der Ver-einssatzung dem Vorstand eine Woche vor der Mitgliederversammlung vorliegen.<\/p>\n<p>Mit freundlichen Gr\u00fc\u00dfen<\/p>\n<p>Christa Gro\u00df Vorsitzende<\/p>\n","protected":false},"excerpt":{"rendered":"<p>Einladung zur Mitgliederversammlung Gem\u00e4\u00df \u00a7 8 der Satzung des Hessisch-Waldeckischen Gebirgs- und Heimatvereins, Zweigverein Fuldatal e.V. laden wir hiermit zu unserer diesj\u00e4hrigen Mitgliederver-sammlung herzlich ein. Sie findet statt am Freitag, [&hellip;]<\/p>\n","protected":false},"author":43,"featured_media":0,"template":"","meta":{"_tribe_events_status":"","_tribe_events_status_reason":"","_tribe_events_is_hybrid":"","_tribe_events_is_virtual":"","_tribe_events_virtual_video_source":"","_tribe_events_virtual_embed_video":"","_tribe_events_virtual_linked_button_text":"","_tribe_events_virtual_linked_button":"","_tribe_events_virtual_show_embed_at":"","_tribe_events_virtual_show_embed_to":[],"_tribe_events_virtual_show_on_event":"","_tribe_events_virtual_show_on_views":"","_tribe_events_virtual_url":"","footnotes":""},"tags":[40],"tribe_events_cat":[],"class_list":["post-1170","tribe_events","type-tribe_events","status-publish","hentry","tag-mitgliederversammlung"],"_links":{"self":[{"href":"https:\/\/hwghv.de\/fuldatal\/wp-json\/wp\/v2\/tribe_events\/1170","targetHints":{"allow":["GET"]}}],"collection":[{"href":"https:\/\/hwghv.de\/fuldatal\/wp-json\/wp\/v2\/tribe_events"}],"about":[{"href":"https:\/\/hwghv.de\/fuldatal\/wp-json\/wp\/v2\/types\/tribe_events"}],"author":[{"embeddable":true,"href":"https:\/\/hwghv.de\/fuldatal\/wp-json\/wp\/v2\/users\/43"}],"version-history":[{"count":2,"href":"https:\/\/hwghv.de\/fuldatal\/wp-json\/wp\/v2\/tribe_events\/1170\/revisions"}],"predecessor-version":[{"id":1172,"href":"https:\/\/hwghv.de\/fuldatal\/wp-json\/wp\/v2\/tribe_events\/1170\/revisions\/1172"}],"wp:attachment":[{"href":"https:\/\/hwghv.de\/fuldatal\/wp-json\/wp\/v2\/media?parent=1170"}],"wp:term":[{"taxonomy":"post_tag","embeddable":true,"href":"https:\/\/hwghv.de\/fuldatal\/wp-json\/wp\/v2\/tags?post=1170"},{"taxonomy":"tribe_events_cat","embeddable":true,"href":"https:\/\/hwghv.de\/fuldatal\/wp-json\/wp\/v2\/tribe_events_cat?post=1170"}],"curies":[{"name":"wp","href":"https:\/\/api.w.org\/{rel}","templated":true}]}}

<p>Einladung zur Mitgliederversammlung<br />
Gemäß § 8 der Satzung des Hessisch-Waldeckischen Gebirgs- und Heimatvereins, Zweigverein Fuldatal e.V. laden wir hiermit zu unserer diesjährigen Mitgliederver-sammlung herzlich ein. Sie findet statt am</p>
<p>		Freitag, dem 24.10.2025 um 17:00 Uhr<br />
		im „Haus Schönewald“, Fuldatal – Simmershausen</p>
<p>Tagesordnung:</p>
<p>1.	Begrüßung; Feststellung der Beschlussfähigkeit<br />
2.	Bericht der Vorsitzendenden<br />
3.	Rückblick auf das Vereinsgeschehen seit der Jahreshauptversammlung<br />
4.	Mehrtagesfahrt 2026<br />
5.	Wandertage und Wandertreffen 2026<br />
6.	Hüttenabend am 15.11.2025<br />
Pause<br />
7. 	Vorstellung des Wanderplanes 2026<br />
     8.	Anträge<br />
     9.	Verschiedenes</p>
<p>Ich bitte um Anmeldung bis zum 21.10.2025 unter Tel. 0561/81 97 93 oder per E-Mail christa.hajo.gross@t-online.de. Oder bei Erika Noffke, Tel. 015206185377, E-Mail e.noffke@gmx.net.<br />
In der Pause werden belegte Brötchen (Gehacktes, Salami, roh. Schinken, Käse) von der Fam. Schönewald angeboten. Ich bitte um Vorbestellung.<br />
Anträge zur Ergänzung oder Änderung der Tagesordnung müssen gem. § 8 der Ver-einssatzung dem Vorstand eine Woche vor der Mitgliederversammlung vorliegen.</p>
<p>Mit freundlichen Grüßen</p>
<p>Christa Groß Vorsitzende</p>

<p>Einladung zur Mitgliederversammlung Gemäß § 8 der Satzung des Hessisch-Waldeckischen Gebirgs- und Heimatvereins, Zweigverein Fuldatal e.V. laden wir hiermit zu unserer diesjährigen Mitgliederver-sammlung herzlich ein. Sie findet statt am Freitag, [&hellip;]</p>
