{"id":824,"date":"2025-01-05T17:37:21","date_gmt":"2025-01-05T16:37:21","guid":{"rendered":"https:\/\/hwghv.de\/fuldatal\/?post_type=tribe_events&#038;p=824"},"modified":"2025-01-09T13:11:36","modified_gmt":"2025-01-09T12:11:36","slug":"seniorenwanderung-2","status":"publish","type":"tribe_events","link":"https:\/\/hwghv.de\/fuldatal\/event\/seniorenwanderung-2\/","title":{"rendered":"Seniorenwanderung rund um Ahnatal-Weimar"},"content":{"rendered":"<p><strong>Einladung zur Seniorenwanderung am Dienstag, dem 28.01.25 \u00a0\u00a0<\/strong><\/p>\n<p>&nbsp;<\/p>\n<p>Liebe Wanderfreundinnen und Wanderfreunde,<\/p>\n<p>am 28. Januar 2025 findet unsere n\u00e4chste Seniorenwanderung statt. Wir wandern auf guten Wegen rund um Weimar eine Rundstrecke von ca. 6 km.<\/p>\n<p>&nbsp;<\/p>\n<p><strong>Treffpunkt<\/strong>: Um 09:30 Uhr \u201eRathaus \u2013 Fuldatal- Ihringshausen<\/p>\n<p>&nbsp;<\/p>\n<p>Wir fahren in Fahrgemeinschaften zum Parkplatz am Ahnatal-Grill und treffen uns dort um 9:45 Uhr. Es wird festes Schuhwerk und Wanderst\u00f6cke empfohlen.<\/p>\n<p>&nbsp;<\/p>\n<p><strong>Endeinkehr:<\/strong> Ahnatal-Grill in Weimar ist vorgesehen.<\/p>\n<p>&nbsp;<\/p>\n<p>Wanderf\u00fchrer\/in: Karl Dietrich und Gerlinde Steinberg<\/p>\n<p>&nbsp;<\/p>\n<p>Wir bitten die Wanderfreunde um telef. Anmeldung bis zum 24.01.25 bei Karl Dietrich, Tel. Nr. 0561 818650<\/p>\n<p>&nbsp;<\/p>\n<p>Wie immer freuen wir uns \u00fcber G\u00e4ste, denn jeder Schritt h\u00e4lt fit<\/p>\n<p>&nbsp;<\/p>\n","protected":false},"excerpt":{"rendered":"<p>Einladung zur Seniorenwanderung am Dienstag, dem 28.01.25 \u00a0\u00a0 &nbsp; Liebe Wanderfreundinnen und Wanderfreunde, am 28. Januar 2025 findet unsere n\u00e4chste Seniorenwanderung statt. Wir wandern auf guten Wegen rund um Weimar [&hellip;]<\/p>\n","protected":false},"author":43,"featured_media":226,"template":"","meta":{"_tribe_events_status":"","_tribe_events_status_reason":"","_tribe_events_is_hybrid":"","_tribe_events_is_virtual":"","_tribe_events_virtual_video_source":"","_tribe_events_virtual_embed_video":"","_tribe_events_virtual_linked_button_text":"","_tribe_events_virtual_linked_button":"","_tribe_events_virtual_show_embed_at":"","_tribe_events_virtual_show_embed_to":[],"_tribe_events_virtual_show_on_event":"","_tribe_events_virtual_show_on_views":"","_tribe_events_virtual_url":"","footnotes":""},"tags":[17],"tribe_events_cat":[50],"class_list":["post-824","tribe_events","type-tribe_events","status-publish","has-post-thumbnail","hentry","tag-seniorenwanderung","tribe_events_cat-ahnatal","cat_ahnatal"],"_links":{"self":[{"href":"https:\/\/hwghv.de\/fuldatal\/wp-json\/wp\/v2\/tribe_events\/824","targetHints":{"allow":["GET"]}}],"collection":[{"href":"https:\/\/hwghv.de\/fuldatal\/wp-json\/wp\/v2\/tribe_events"}],"about":[{"href":"https:\/\/hwghv.de\/fuldatal\/wp-json\/wp\/v2\/types\/tribe_events"}],"author":[{"embeddable":true,"href":"https:\/\/hwghv.de\/fuldatal\/wp-json\/wp\/v2\/users\/43"}],"version-history":[{"count":3,"href":"https:\/\/hwghv.de\/fuldatal\/wp-json\/wp\/v2\/tribe_events\/824\/revisions"}],"predecessor-version":[{"id":884,"href":"https:\/\/hwghv.de\/fuldatal\/wp-json\/wp\/v2\/tribe_events\/824\/revisions\/884"}],"wp:featuredmedia":[{"embeddable":true,"href":"https:\/\/hwghv.de\/fuldatal\/wp-json\/wp\/v2\/media\/226"}],"wp:attachment":[{"href":"https:\/\/hwghv.de\/fuldatal\/wp-json\/wp\/v2\/media?parent=824"}],"wp:term":[{"taxonomy":"post_tag","embeddable":true,"href":"https:\/\/hwghv.de\/fuldatal\/wp-json\/wp\/v2\/tags?post=824"},{"taxonomy":"tribe_events_cat","embeddable":true,"href":"https:\/\/hwghv.de\/fuldatal\/wp-json\/wp\/v2\/tribe_events_cat?post=824"}],"curies":[{"name":"wp","href":"https:\/\/api.w.org\/{rel}","templated":true}]}}

<p><strong>Einladung zur Seniorenwanderung am Dienstag, dem 28.01.25   </strong></p>
<p>&nbsp;</p>
<p>Liebe Wanderfreundinnen und Wanderfreunde,</p>
<p>am 28. Januar 2025 findet unsere nächste Seniorenwanderung statt. Wir wandern auf guten Wegen rund um Weimar eine Rundstrecke von ca. 6 km.</p>
<p>&nbsp;</p>
<p><strong>Treffpunkt</strong>: Um 09:30 Uhr „Rathaus – Fuldatal- Ihringshausen</p>
<p>&nbsp;</p>
<p>Wir fahren in Fahrgemeinschaften zum Parkplatz am Ahnatal-Grill und treffen uns dort um 9:45 Uhr. Es wird festes Schuhwerk und Wanderstöcke empfohlen.</p>
<p>&nbsp;</p>
<p><strong>Endeinkehr:</strong> Ahnatal-Grill in Weimar ist vorgesehen.</p>
<p>&nbsp;</p>
<p>Wanderführer/in: Karl Dietrich und Gerlinde Steinberg</p>
<p>&nbsp;</p>
<p>Wir bitten die Wanderfreunde um telef. Anmeldung bis zum 24.01.25 bei Karl Dietrich, Tel. Nr. 0561 818650</p>
<p>&nbsp;</p>
<p>Wie immer freuen wir uns über Gäste, denn jeder Schritt hält fit</p>
<p>&nbsp;</p>

<p>Einladung zur Seniorenwanderung am Dienstag, dem 28.01.25    &nbsp; Liebe Wanderfreundinnen und Wanderfreunde, am 28. Januar 2025 findet unsere nächste Seniorenwanderung statt. Wir wandern auf guten Wegen rund um Weimar [&hellip;]</p>
