{"id":3976,"date":"2021-08-06T09:16:26","date_gmt":"2021-08-06T07:16:26","guid":{"rendered":"https:\/\/hwghv.de\/?post_type=portfolio&#038;p=3976"},"modified":"2023-03-06T12:32:30","modified_gmt":"2023-03-06T11:32:30","slug":"eco-pfad-oedelsheim","status":"publish","type":"portfolio","link":"https:\/\/hwghv.de\/?portfolio=eco-pfad-oedelsheim","title":{"rendered":"Eco Pfad Oedelsheim"},"content":{"rendered":"<div id='av-layout-grid-1'  class='av-layout-grid-container av-c6az6w-c452195da1aeee8cb912d285c695a967 entry-content-wrapper main_color av-flex-cells av-break-at-tablet  avia-builder-el-0  avia-builder-el-no-sibling   container_wrap fullsize'  >\n\n<style type=\"text\/css\" data-created_by=\"avia_inline_auto\" id=\"style-css-av-aq3ovc-1781cc9919cca519f51b1d84616b8b9d\">\n.flex_cell.av-aq3ovc-1781cc9919cca519f51b1d84616b8b9d{\nvertical-align:top;\nbackground-color:rgba(128,187,72,0.11);\n}\n.responsive #top #wrap_all .flex_cell.av-aq3ovc-1781cc9919cca519f51b1d84616b8b9d{\npadding:0px 33px 33px 33px !important;\n}\n<\/style>\n<div class='flex_cell av-aq3ovc-1781cc9919cca519f51b1d84616b8b9d av-gridrow-cell av_one_half no_margin  avia-builder-el-1  el_before_av_cell_one_half  avia-builder-el-first  content-align-top'  ><div class='flex_cell_inner'>\n<style type=\"text\/css\" data-created_by=\"avia_inline_auto\" id=\"style-css-av-938kag-f935ac645002a3ab6966c46316e8e94f\">\n.flex_column.av-938kag-f935ac645002a3ab6966c46316e8e94f{\nborder-radius:0px 0px 0px 0px;\npadding:18px 33px 33px 33px;\n}\n<\/style>\n<div  class='flex_column av-938kag-f935ac645002a3ab6966c46316e8e94f av_one_full  avia-builder-el-2  avia-builder-el-no-sibling  first flex_column_div  '     ><section  class='av_textblock_section av-10t7s-026c91398aa73214a7040fb26ca05885 '   itemscope=\"itemscope\" itemtype=\"https:\/\/schema.org\/CreativeWork\" ><div class='avia_textblock'  itemprop=\"text\" ><p><img loading=\"lazy\" decoding=\"async\" class=\"wp-image-4176 size-square aligncenter\" src=\"https:\/\/hwghv.de\/wp-content\/uploads\/2021\/08\/Eco-Pfad-Oedelsheim-1-180x180.png\" alt=\"\" width=\"180\" height=\"180\" srcset=\"https:\/\/hwghv.de\/wp-content\/uploads\/2021\/08\/Eco-Pfad-Oedelsheim-1-180x180.png 180w, https:\/\/hwghv.de\/wp-content\/uploads\/2021\/08\/Eco-Pfad-Oedelsheim-1.png 300w, https:\/\/hwghv.de\/wp-content\/uploads\/2021\/08\/Eco-Pfad-Oedelsheim-1-80x80.png 80w, https:\/\/hwghv.de\/wp-content\/uploads\/2021\/08\/Eco-Pfad-Oedelsheim-1-36x36.png 36w\" sizes=\"auto, (max-width: 180px) 100vw, 180px\" \/><\/p>\n<hr \/>\n<p style=\"text-align: left;\"><strong><span style=\"color: #333333;\">Kurzbeschreibung<\/span><\/strong><\/p>\n<p>Oedelsheim ist eine der \u00e4ltesten Siedlungen im Wesertal. Der Name ist eine Zusammensetzung aus dem alts\u00e4chsischen Rufnamen &#8222;Othil&#8220; und dem Wort &#8222;-heim&#8220;, und bedeutet &#8222;Wohnst\u00e4tte\/Siedlung des Odil&#8220;. Im 11. Jahrhundert war der Ort nachweislich Sitz eines Erzpriesters und somit der kirchliche Mittelpunkt des Raumes. Die geistlichen und weltlichen Machtstrukturen wechselten im Laufe der Jahrhunderte. Doch letztlich waren es immer die hier lebenden Menschen, die mit ihrer Arbeit und ihren Anwesen in Fachwerkbauweise die d\u00f6rflichen Strukturen schufen und pr\u00e4gten. Noch heute bestimmt das Fachwerk das Ortsbild.<\/p>\n<p>Die Lage bot schon den fr\u00fcheren Bewohnern Vorteile. Das Ufer steigt nur langsam an und bietet eine weite Fl\u00e4che, die sich landwirtschaftlich nutzen l\u00e4sst. Sie ist durch die Ausrichtung nach S\u00fcdwesten den ganzen Tag sonnenbeschienen.<\/p>\n<p>Das macht nun den Eco Pfad Kulturgeschichte Oedelsheim zu einem Wandervergn\u00fcgen. Vom Startpunkt Dorf-Museum geht es durch das historische Dorf zur Weser. Neben dem Fluss f\u00fchrt der Weg auf der Sonnenseite hoch zum Waldrand und mit dem Blick auf den Ort und bewaldete Bergh\u00f6hen wieder zur\u00fcck.<\/p>\n<p>Der Eco Pfad Kulturgeschichte Oedelsheim bietet viel Abwechslung. Er ist insgesamt ca. 5 km lang. Nicht vers\u00e4umen sollten Sie den Rundweg durch den alten Ortskern. Der alleine ist mit einem gem\u00fctlichen Spaziergang (ca. 1,4 km) zu erkunden.<\/p>\n<hr \/>\n<p><a href=\"https:\/\/eco-pfade.de\/fileadmin\/eco_pfad_oedelsheim\/Flyer_Eco_Pfad_Oedelsheim.pdf\" target=\"_blank\" rel=\"noopener\">Flyer Download (PDF)<\/a><\/p>\n<p style=\"text-align: left;\"><a href=\"https:\/\/eco-pfade.de\/eco-pfad-kulturgeschichte-oedelsheim\/streckenverlauf\/\" target=\"_blank\" rel=\"noopener\">Website<\/a><\/p>\n<\/div><\/section><\/div>\n<\/div><\/div>\n<style type=\"text\/css\" data-created_by=\"avia_inline_auto\" id=\"style-css-av-74rwug-8131a3d6bd0a01502f2537eac56213af\">\n.flex_cell.av-74rwug-8131a3d6bd0a01502f2537eac56213af{\nvertical-align:top;\n}\n.responsive #top #wrap_all .flex_cell.av-74rwug-8131a3d6bd0a01502f2537eac56213af{\npadding:33px 33px 33px 33px !important;\n}\n<\/style>\n<div class='flex_cell av-74rwug-8131a3d6bd0a01502f2537eac56213af av-gridrow-cell av_one_half no_margin  avia-builder-el-4  el_after_av_cell_one_half  avia-builder-el-last  content-align-top'  ><div class='flex_cell_inner'><div class='flex_column_table av-6i4kzs-040d2f6bc214e7c65b02e0f1c1a51ec2 sc-av_one_full av-equal-height-column-flextable'>\n<style type=\"text\/css\" data-created_by=\"avia_inline_auto\" id=\"style-css-av-6i4kzs-040d2f6bc214e7c65b02e0f1c1a51ec2\">\n.flex_column.av-6i4kzs-040d2f6bc214e7c65b02e0f1c1a51ec2{\nborder-radius:0px 0px 0px 0px;\npadding:33px 33px 33px 33px;\n}\n<\/style>\n<div  class='flex_column av-6i4kzs-040d2f6bc214e7c65b02e0f1c1a51ec2 av_one_full  avia-builder-el-5  avia-builder-el-no-sibling  first flex_column_table_cell av-equal-height-column av-align-top  '     ><p>\n<style type=\"text\/css\" data-created_by=\"avia_inline_auto\" id=\"style-css-av-2inz2g-878a44b985d40cf442b608af2e8ba9ed\">\n#top .av-special-heading.av-2inz2g-878a44b985d40cf442b608af2e8ba9ed{\npadding-bottom:10px;\n}\nbody .av-special-heading.av-2inz2g-878a44b985d40cf442b608af2e8ba9ed .av-special-heading-tag .heading-char{\nfont-size:25px;\n}\n.av-special-heading.av-2inz2g-878a44b985d40cf442b608af2e8ba9ed .av-subheading{\nfont-size:15px;\n}\n<\/style>\n<div  class='av-special-heading av-2inz2g-878a44b985d40cf442b608af2e8ba9ed av-special-heading-h3 blockquote modern-quote  avia-builder-el-6  el_before_av_hr  avia-builder-el-first  av-linked-heading'><h3 class='av-special-heading-tag '  itemprop=\"headline\"  >Eco Pfad Odelsheim<\/h3><div class='av-subheading av-subheading_below'><p>Landkreis Kassel \u2013 Wesertal<\/p>\n<\/div><div class=\"special-heading-border\"><div class=\"special-heading-inner-border\"><\/div><\/div><\/div><br \/>\n<div  class='hr av-4cssy0-f91360684c7f067ad604ea3270d3f7c2 hr-default  avia-builder-el-7  el_after_av_heading  el_before_av_textblock '><span class='hr-inner '><span class=\"hr-inner-style\"><\/span><\/span><\/div><br \/>\n<section  class='av_textblock_section av-8dnjs-c834e65e9ab8db4e6b3c3b616a9b0469 '   itemscope=\"itemscope\" itemtype=\"https:\/\/schema.org\/CreativeWork\" ><div class='avia_textblock'  itemprop=\"text\" ><p><strong><span style=\"color: #333333;\">Ansprechpartner f\u00fcr die Wegemarkierung<\/span><\/strong><\/p>\n<p>HWGHV Wegemanagement<br \/>\nHessisch-Waldeckischer\u00a0Gebirgs-\u00a0und<br \/>\nHeimatverein &#8211; Gesamtverein &#8211;\u00a0e.V. Kassel<br \/>\nWilhelmsstra\u00dfe 19<br \/>\n34117 Kassel<\/p>\n<p>Michael Martin-Leck<br \/>\n<a href=\"mailto:service@wandern-hwghv.de\">service@wandern-hwghv.de<\/a><br \/>\nTel. Mobil 0152 22908579<\/p>\n<\/div><\/section><\/p><\/div><\/div><!--close column table wrapper. Autoclose: 1 -->\n<\/div><\/div><\/div>\n<div class=\"shariff shariff-align-center shariff-widget-align-flex-start\"><ul class=\"shariff-buttons theme-round orientation-horizontal buttonsize-large\"><li class=\"shariff-button whatsapp shariff-nocustomcolor\" style=\"background-color:#5cbe4a\"><a href=\"https:\/\/api.whatsapp.com\/send?text=https%3A%2F%2Fhwghv.de%2F%3Fportfolio%3Deco-pfad-oedelsheim%20Eco%20Pfad%20Oedelsheim\" title=\"Bei Whatsapp teilen\" aria-label=\"Bei Whatsapp teilen\" role=\"button\" rel=\"noopener nofollow\" class=\"shariff-link\" style=\"; background-color:#34af23; color:#fff\" target=\"_blank\"><span class=\"shariff-icon\" style=\"\"><svg width=\"32px\" height=\"20px\" xmlns=\"http:\/\/www.w3.org\/2000\/svg\" viewBox=\"0 0 32 32\"><path fill=\"#34af23\" d=\"M17.6 17.4q0.2 0 1.7 0.8t1.6 0.9q0 0.1 0 0.3 0 0.6-0.3 1.4-0.3 0.7-1.3 1.2t-1.8 0.5q-1 0-3.4-1.1-1.7-0.8-3-2.1t-2.6-3.3q-1.3-1.9-1.3-3.5v-0.1q0.1-1.6 1.3-2.8 0.4-0.4 0.9-0.4 0.1 0 0.3 0t0.3 0q0.3 0 0.5 0.1t0.3 0.5q0.1 0.4 0.6 1.6t0.4 1.3q0 0.4-0.6 1t-0.6 0.8q0 0.1 0.1 0.3 0.6 1.3 1.8 2.4 1 0.9 2.7 1.8 0.2 0.1 0.4 0.1 0.3 0 1-0.9t0.9-0.9zM14 26.9q2.3 0 4.3-0.9t3.6-2.4 2.4-3.6 0.9-4.3-0.9-4.3-2.4-3.6-3.6-2.4-4.3-0.9-4.3 0.9-3.6 2.4-2.4 3.6-0.9 4.3q0 3.6 2.1 6.6l-1.4 4.2 4.3-1.4q2.8 1.9 6.2 1.9zM14 2.2q2.7 0 5.2 1.1t4.3 2.9 2.9 4.3 1.1 5.2-1.1 5.2-2.9 4.3-4.3 2.9-5.2 1.1q-3.5 0-6.5-1.7l-7.4 2.4 2.4-7.2q-1.9-3.2-1.9-6.9 0-2.7 1.1-5.2t2.9-4.3 4.3-2.9 5.2-1.1z\"\/><\/svg><\/span><\/a><\/li><li class=\"shariff-button facebook shariff-nocustomcolor\" style=\"background-color:#4273c8\"><a href=\"https:\/\/www.facebook.com\/sharer\/sharer.php?u=https%3A%2F%2Fhwghv.de%2F%3Fportfolio%3Deco-pfad-oedelsheim\" title=\"Bei Facebook teilen\" aria-label=\"Bei Facebook teilen\" role=\"button\" rel=\"nofollow\" class=\"shariff-link\" style=\"; background-color:#3b5998; color:#fff\" target=\"_blank\"><span class=\"shariff-icon\" style=\"\"><svg width=\"32px\" height=\"20px\" xmlns=\"http:\/\/www.w3.org\/2000\/svg\" viewBox=\"0 0 18 32\"><path fill=\"#3b5998\" d=\"M17.1 0.2v4.7h-2.8q-1.5 0-2.1 0.6t-0.5 1.9v3.4h5.2l-0.7 5.3h-4.5v13.6h-5.5v-13.6h-4.5v-5.3h4.5v-3.9q0-3.3 1.9-5.2t5-1.8q2.6 0 4.1 0.2z\"\/><\/svg><\/span><\/a><\/li><li class=\"shariff-button mailto shariff-nocustomcolor\" style=\"background-color:#a8a8a8\"><a href=\"mailto:?body=https%3A%2F%2Fhwghv.de%2F%3Fportfolio%3Deco-pfad-oedelsheim&subject=Eco%20Pfad%20Oedelsheim\" title=\"Per E-Mail versenden\" aria-label=\"Per E-Mail versenden\" role=\"button\" rel=\"noopener nofollow\" class=\"shariff-link\" style=\"; background-color:#999; color:#fff\"><span class=\"shariff-icon\" style=\"\"><svg width=\"32px\" height=\"20px\" xmlns=\"http:\/\/www.w3.org\/2000\/svg\" viewBox=\"0 0 32 32\"><path fill=\"#999\" d=\"M32 12.7v14.2q0 1.2-0.8 2t-2 0.9h-26.3q-1.2 0-2-0.9t-0.8-2v-14.2q0.8 0.9 1.8 1.6 6.5 4.4 8.9 6.1 1 0.8 1.6 1.2t1.7 0.9 2 0.4h0.1q0.9 0 2-0.4t1.7-0.9 1.6-1.2q3-2.2 8.9-6.1 1-0.7 1.8-1.6zM32 7.4q0 1.4-0.9 2.7t-2.2 2.2q-6.7 4.7-8.4 5.8-0.2 0.1-0.7 0.5t-1 0.7-0.9 0.6-1.1 0.5-0.9 0.2h-0.1q-0.4 0-0.9-0.2t-1.1-0.5-0.9-0.6-1-0.7-0.7-0.5q-1.6-1.1-4.7-3.2t-3.6-2.6q-1.1-0.7-2.1-2t-1-2.5q0-1.4 0.7-2.3t2.1-0.9h26.3q1.2 0 2 0.8t0.9 2z\"\/><\/svg><\/span><\/a><\/li><\/ul><\/div>","protected":false},"excerpt":{"rendered":"<p>Eco Pfad \u2013 Oedelsheim (4,5_km)<\/p>\n","protected":false},"author":1,"featured_media":4176,"comment_status":"closed","ping_status":"closed","template":"","meta":{"footnotes":""},"tags":[],"portfolio_entries":[32,35],"class_list":["post-3976","portfolio","type-portfolio","status-publish","has-post-thumbnail","hentry","portfolio_entries-eco-pfade","portfolio_entries-region-reinhardswald-diemeltal"],"_links":{"self":[{"href":"https:\/\/hwghv.de\/index.php?rest_route=\/wp\/v2\/portfolio\/3976","targetHints":{"allow":["GET"]}}],"collection":[{"href":"https:\/\/hwghv.de\/index.php?rest_route=\/wp\/v2\/portfolio"}],"about":[{"href":"https:\/\/hwghv.de\/index.php?rest_route=\/wp\/v2\/types\/portfolio"}],"author":[{"embeddable":true,"href":"https:\/\/hwghv.de\/index.php?rest_route=\/wp\/v2\/users\/1"}],"replies":[{"embeddable":true,"href":"https:\/\/hwghv.de\/index.php?rest_route=%2Fwp%2Fv2%2Fcomments&post=3976"}],"version-history":[{"count":19,"href":"https:\/\/hwghv.de\/index.php?rest_route=\/wp\/v2\/portfolio\/3976\/revisions"}],"predecessor-version":[{"id":6042,"href":"https:\/\/hwghv.de\/index.php?rest_route=\/wp\/v2\/portfolio\/3976\/revisions\/6042"}],"wp:featuredmedia":[{"embeddable":true,"href":"https:\/\/hwghv.de\/index.php?rest_route=\/wp\/v2\/media\/4176"}],"wp:attachment":[{"href":"https:\/\/hwghv.de\/index.php?rest_route=%2Fwp%2Fv2%2Fmedia&parent=3976"}],"wp:term":[{"taxonomy":"post_tag","embeddable":true,"href":"https:\/\/hwghv.de\/index.php?rest_route=%2Fwp%2Fv2%2Ftags&post=3976"},{"taxonomy":"portfolio_entries","embeddable":true,"href":"https:\/\/hwghv.de\/index.php?rest_route=%2Fwp%2Fv2%2Fportfolio_entries&post=3976"}],"curies":[{"name":"wp","href":"https:\/\/api.w.org\/{rel}","templated":true}]}}

<div id='av-layout-grid-1'  class='av-layout-grid-container av-c6az6w-c452195da1aeee8cb912d285c695a967 entry-content-wrapper main_color av-flex-cells av-break-at-tablet  avia-builder-el-0  avia-builder-el-no-sibling   container_wrap fullsize'  >

<style type="text/css" data-created_by="avia_inline_auto" id="style-css-av-aq3ovc-1781cc9919cca519f51b1d84616b8b9d">
.flex_cell.av-aq3ovc-1781cc9919cca519f51b1d84616b8b9d{
vertical-align:top;
background-color:rgba(128,187,72,0.11);
}
.responsive #top #wrap_all .flex_cell.av-aq3ovc-1781cc9919cca519f51b1d84616b8b9d{
padding:0px 33px 33px 33px !important;
}
</style>
<div class='flex_cell av-aq3ovc-1781cc9919cca519f51b1d84616b8b9d av-gridrow-cell av_one_half no_margin  avia-builder-el-1  el_before_av_cell_one_half  avia-builder-el-first  content-align-top'  ><div class='flex_cell_inner'>
<style type="text/css" data-created_by="avia_inline_auto" id="style-css-av-938kag-f935ac645002a3ab6966c46316e8e94f">
.flex_column.av-938kag-f935ac645002a3ab6966c46316e8e94f{
border-radius:0px 0px 0px 0px;
padding:18px 33px 33px 33px;
}
</style>
<div  class='flex_column av-938kag-f935ac645002a3ab6966c46316e8e94f av_one_full  avia-builder-el-2  avia-builder-el-no-sibling  first flex_column_div  '     ><section  class='av_textblock_section av-10t7s-026c91398aa73214a7040fb26ca05885 '   itemscope="itemscope" itemtype="https://schema.org/CreativeWork" ><div class='avia_textblock'  itemprop="text" ><p><img loading="lazy" decoding="async" class="wp-image-4176 size-square aligncenter" src="https://hwghv.de/wp-content/uploads/2021/08/Eco-Pfad-Oedelsheim-1-180x180.png" alt="" width="180" height="180" srcset="https://hwghv.de/wp-content/uploads/2021/08/Eco-Pfad-Oedelsheim-1-180x180.png 180w, https://hwghv.de/wp-content/uploads/2021/08/Eco-Pfad-Oedelsheim-1.png 300w, https://hwghv.de/wp-content/uploads/2021/08/Eco-Pfad-Oedelsheim-1-80x80.png 80w, https://hwghv.de/wp-content/uploads/2021/08/Eco-Pfad-Oedelsheim-1-36x36.png 36w" sizes="auto, (max-width: 180px) 100vw, 180px" /></p>
<hr />
<p style="text-align: left;"><strong><span style="color: #333333;">Kurzbeschreibung</span></strong></p>
<p>Oedelsheim ist eine der ältesten Siedlungen im Wesertal. Der Name ist eine Zusammensetzung aus dem altsächsischen Rufnamen &#8222;Othil&#8220; und dem Wort &#8222;-heim&#8220;, und bedeutet &#8222;Wohnstätte/Siedlung des Odil&#8220;. Im 11. Jahrhundert war der Ort nachweislich Sitz eines Erzpriesters und somit der kirchliche Mittelpunkt des Raumes. Die geistlichen und weltlichen Machtstrukturen wechselten im Laufe der Jahrhunderte. Doch letztlich waren es immer die hier lebenden Menschen, die mit ihrer Arbeit und ihren Anwesen in Fachwerkbauweise die dörflichen Strukturen schufen und prägten. Noch heute bestimmt das Fachwerk das Ortsbild.</p>
<p>Die Lage bot schon den früheren Bewohnern Vorteile. Das Ufer steigt nur langsam an und bietet eine weite Fläche, die sich landwirtschaftlich nutzen lässt. Sie ist durch die Ausrichtung nach Südwesten den ganzen Tag sonnenbeschienen.</p>
<p>Das macht nun den Eco Pfad Kulturgeschichte Oedelsheim zu einem Wandervergnügen. Vom Startpunkt Dorf-Museum geht es durch das historische Dorf zur Weser. Neben dem Fluss führt der Weg auf der Sonnenseite hoch zum Waldrand und mit dem Blick auf den Ort und bewaldete Berghöhen wieder zurück.</p>
<p>Der Eco Pfad Kulturgeschichte Oedelsheim bietet viel Abwechslung. Er ist insgesamt ca. 5 km lang. Nicht versäumen sollten Sie den Rundweg durch den alten Ortskern. Der alleine ist mit einem gemütlichen Spaziergang (ca. 1,4 km) zu erkunden.</p>
<hr />
<p><a href="https://eco-pfade.de/fileadmin/eco_pfad_oedelsheim/Flyer_Eco_Pfad_Oedelsheim.pdf" target="_blank" rel="noopener">Flyer Download (PDF)</a></p>
<p style="text-align: left;"><a href="https://eco-pfade.de/eco-pfad-kulturgeschichte-oedelsheim/streckenverlauf/" target="_blank" rel="noopener">Website</a></p>
</div></section></div>
</div></div>
<style type="text/css" data-created_by="avia_inline_auto" id="style-css-av-74rwug-8131a3d6bd0a01502f2537eac56213af">
.flex_cell.av-74rwug-8131a3d6bd0a01502f2537eac56213af{
vertical-align:top;
}
.responsive #top #wrap_all .flex_cell.av-74rwug-8131a3d6bd0a01502f2537eac56213af{
padding:33px 33px 33px 33px !important;
}
</style>
<div class='flex_cell av-74rwug-8131a3d6bd0a01502f2537eac56213af av-gridrow-cell av_one_half no_margin  avia-builder-el-4  el_after_av_cell_one_half  avia-builder-el-last  content-align-top'  ><div class='flex_cell_inner'><div class='flex_column_table av-6i4kzs-040d2f6bc214e7c65b02e0f1c1a51ec2 sc-av_one_full av-equal-height-column-flextable'>
<style type="text/css" data-created_by="avia_inline_auto" id="style-css-av-6i4kzs-040d2f6bc214e7c65b02e0f1c1a51ec2">
.flex_column.av-6i4kzs-040d2f6bc214e7c65b02e0f1c1a51ec2{
border-radius:0px 0px 0px 0px;
padding:33px 33px 33px 33px;
}
</style>
<div  class='flex_column av-6i4kzs-040d2f6bc214e7c65b02e0f1c1a51ec2 av_one_full  avia-builder-el-5  avia-builder-el-no-sibling  first flex_column_table_cell av-equal-height-column av-align-top  '     ><p>
<style type="text/css" data-created_by="avia_inline_auto" id="style-css-av-2inz2g-878a44b985d40cf442b608af2e8ba9ed">
#top .av-special-heading.av-2inz2g-878a44b985d40cf442b608af2e8ba9ed{
padding-bottom:10px;
}
body .av-special-heading.av-2inz2g-878a44b985d40cf442b608af2e8ba9ed .av-special-heading-tag .heading-char{
font-size:25px;
}
.av-special-heading.av-2inz2g-878a44b985d40cf442b608af2e8ba9ed .av-subheading{
font-size:15px;
}
</style>
<div  class='av-special-heading av-2inz2g-878a44b985d40cf442b608af2e8ba9ed av-special-heading-h3 blockquote modern-quote  avia-builder-el-6  el_before_av_hr  avia-builder-el-first  av-linked-heading'><h3 class='av-special-heading-tag '  itemprop="headline"  >Eco Pfad Odelsheim</h3><div class='av-subheading av-subheading_below'><p>Landkreis Kassel – Wesertal</p>
</div><div class="special-heading-border"><div class="special-heading-inner-border"></div></div></div><br />
<div  class='hr av-4cssy0-f91360684c7f067ad604ea3270d3f7c2 hr-default  avia-builder-el-7  el_after_av_heading  el_before_av_textblock '><span class='hr-inner '><span class="hr-inner-style"></span></span></div><br />
<section  class='av_textblock_section av-8dnjs-c834e65e9ab8db4e6b3c3b616a9b0469 '   itemscope="itemscope" itemtype="https://schema.org/CreativeWork" ><div class='avia_textblock'  itemprop="text" ><p><strong><span style="color: #333333;">Ansprechpartner für die Wegemarkierung</span></strong></p>
<p>HWGHV Wegemanagement<br />
Hessisch-Waldeckischer Gebirgs- und<br />
Heimatverein &#8211; Gesamtverein &#8211; e.V. Kassel<br />
Wilhelmsstraße 19<br />
34117 Kassel</p>
<p>Michael Martin-Leck<br />
<a href="mailto:service@wandern-hwghv.de">service@wandern-hwghv.de</a><br />
Tel. Mobil 0152 22908579</p>
</div></section></p></div></div><!--close column table wrapper. Autoclose: 1 -->
</div></div></div>
<div class="shariff shariff-align-center shariff-widget-align-flex-start"><ul class="shariff-buttons theme-round orientation-horizontal buttonsize-large"><li class="shariff-button whatsapp shariff-nocustomcolor" style="background-color:#5cbe4a"><a href="https://api.whatsapp.com/send?text=https%3A%2F%2Fhwghv.de%2F%3Fportfolio%3Deco-pfad-oedelsheim%20Eco%20Pfad%20Oedelsheim" title="Bei Whatsapp teilen" aria-label="Bei Whatsapp teilen" role="button" rel="noopener nofollow" class="shariff-link" style="; background-color:#34af23; color:#fff" target="_blank"><span class="shariff-icon" style=""><svg width="32px" height="20px" xmlns="http://www.w3.org/2000/svg" viewBox="0 0 32 32"><path fill="#34af23" d="M17.6 17.4q0.2 0 1.7 0.8t1.6 0.9q0 0.1 0 0.3 0 0.6-0.3 1.4-0.3 0.7-1.3 1.2t-1.8 0.5q-1 0-3.4-1.1-1.7-0.8-3-2.1t-2.6-3.3q-1.3-1.9-1.3-3.5v-0.1q0.1-1.6 1.3-2.8 0.4-0.4 0.9-0.4 0.1 0 0.3 0t0.3 0q0.3 0 0.5 0.1t0.3 0.5q0.1 0.4 0.6 1.6t0.4 1.3q0 0.4-0.6 1t-0.6 0.8q0 0.1 0.1 0.3 0.6 1.3 1.8 2.4 1 0.9 2.7 1.8 0.2 0.1 0.4 0.1 0.3 0 1-0.9t0.9-0.9zM14 26.9q2.3 0 4.3-0.9t3.6-2.4 2.4-3.6 0.9-4.3-0.9-4.3-2.4-3.6-3.6-2.4-4.3-0.9-4.3 0.9-3.6 2.4-2.4 3.6-0.9 4.3q0 3.6 2.1 6.6l-1.4 4.2 4.3-1.4q2.8 1.9 6.2 1.9zM14 2.2q2.7 0 5.2 1.1t4.3 2.9 2.9 4.3 1.1 5.2-1.1 5.2-2.9 4.3-4.3 2.9-5.2 1.1q-3.5 0-6.5-1.7l-7.4 2.4 2.4-7.2q-1.9-3.2-1.9-6.9 0-2.7 1.1-5.2t2.9-4.3 4.3-2.9 5.2-1.1z"/></svg></span></a></li><li class="shariff-button facebook shariff-nocustomcolor" style="background-color:#4273c8"><a href="https://www.facebook.com/sharer/sharer.php?u=https%3A%2F%2Fhwghv.de%2F%3Fportfolio%3Deco-pfad-oedelsheim" title="Bei Facebook teilen" aria-label="Bei Facebook teilen" role="button" rel="nofollow" class="shariff-link" style="; background-color:#3b5998; color:#fff" target="_blank"><span class="shariff-icon" style=""><svg width="32px" height="20px" xmlns="http://www.w3.org/2000/svg" viewBox="0 0 18 32"><path fill="#3b5998" d="M17.1 0.2v4.7h-2.8q-1.5 0-2.1 0.6t-0.5 1.9v3.4h5.2l-0.7 5.3h-4.5v13.6h-5.5v-13.6h-4.5v-5.3h4.5v-3.9q0-3.3 1.9-5.2t5-1.8q2.6 0 4.1 0.2z"/></svg></span></a></li><li class="shariff-button mailto shariff-nocustomcolor" style="background-color:#a8a8a8"><a href="mailto:?body=https%3A%2F%2Fhwghv.de%2F%3Fportfolio%3Deco-pfad-oedelsheim&subject=Eco%20Pfad%20Oedelsheim" title="Per E-Mail versenden" aria-label="Per E-Mail versenden" role="button" rel="noopener nofollow" class="shariff-link" style="; background-color:#999; color:#fff"><span class="shariff-icon" style=""><svg width="32px" height="20px" xmlns="http://www.w3.org/2000/svg" viewBox="0 0 32 32"><path fill="#999" d="M32 12.7v14.2q0 1.2-0.8 2t-2 0.9h-26.3q-1.2 0-2-0.9t-0.8-2v-14.2q0.8 0.9 1.8 1.6 6.5 4.4 8.9 6.1 1 0.8 1.6 1.2t1.7 0.9 2 0.4h0.1q0.9 0 2-0.4t1.7-0.9 1.6-1.2q3-2.2 8.9-6.1 1-0.7 1.8-1.6zM32 7.4q0 1.4-0.9 2.7t-2.2 2.2q-6.7 4.7-8.4 5.8-0.2 0.1-0.7 0.5t-1 0.7-0.9 0.6-1.1 0.5-0.9 0.2h-0.1q-0.4 0-0.9-0.2t-1.1-0.5-0.9-0.6-1-0.7-0.7-0.5q-1.6-1.1-4.7-3.2t-3.6-2.6q-1.1-0.7-2.1-2t-1-2.5q0-1.4 0.7-2.3t2.1-0.9h26.3q1.2 0 2 0.8t0.9 2z"/></svg></span></a></li></ul></div>
